{"id":118,"date":"2017-04-14T14:51:42","date_gmt":"2017-04-14T14:51:42","guid":{"rendered":"http:\/\/opensourcebees.org\/?page_id=63"},"modified":"2017-04-14T14:51:42","modified_gmt":"2017-04-14T14:51:42","slug":"zuchtprogramme","status":"publish","type":"page","link":"http:\/\/opensourcebees.org\/?page_id=118&lang=de","title":{"rendered":"Zuchtprogramme"},"content":{"rendered":"<p><strong>Carnica<\/strong><\/p>\n<p><a href=\"http:\/\/carnica.bayern\/lizenz\/\" target=\"_blank\">Bayerischen Carnica-Z\u00fcchter-Vereinigung<\/a><\/p>\n<p><strong>Buckfast<\/strong><\/p>\n<p><a href=\"https:\/\/gdeb.eu\" target=\"_blank\">Verband der Europ\u00e4ischen Buckfast-Z\u00fcchter <\/a><\/p>\n","protected":false},"excerpt":{"rendered":"<p>Carnica Bayerischen Carnica-Z\u00fcchter-Vereinigung Buckfast Verband der Europ\u00e4ischen Buckfast-Z\u00fcchter<\/p>\n","protected":false},"author":1,"featured_media":0,"parent":0,"menu_order":0,"comment_status":"closed","ping_status":"closed","template":"","meta":{"footnotes":""},"class_list":["post-118","page","type-page","status-publish","hentry"],"_links":{"self":[{"href":"http:\/\/opensourcebees.org\/index.php?rest_route=\/wp\/v2\/pages\/118","targetHints":{"allow":["GET"]}}],"collection":[{"href":"http:\/\/opensourcebees.org\/index.php?rest_route=\/wp\/v2\/pages"}],"about":[{"href":"http:\/\/opensourcebees.org\/index.php?rest_route=\/wp\/v2\/types\/page"}],"author":[{"embeddable":true,"href":"http:\/\/opensourcebees.org\/index.php?rest_route=\/wp\/v2\/users\/1"}],"replies":[{"embeddable":true,"href":"http:\/\/opensourcebees.org\/index.php?rest_route=%2Fwp%2Fv2%2Fcomments&post=118"}],"version-history":[{"count":0,"href":"http:\/\/opensourcebees.org\/index.php?rest_route=\/wp\/v2\/pages\/118\/revisions"}],"wp:attachment":[{"href":"http:\/\/opensourcebees.org\/index.php?rest_route=%2Fwp%2Fv2%2Fmedia&parent=118"}],"curies":[{"name":"wp","href":"https:\/\/api.w.org\/{rel}","templated":true}]}}